ainder when 46 + -2 - 3*(-28)/21 is divided by 15?
3
Let o(t) = t**2 - 3*t + 3. Suppose -v - 3*i - i = 20, 3*i + 15 = -4*v. What is the remainder when 7 - 0 - v/1 is divided by o(3)?
1
Let h = -642 + 684. Let f be (-74)/(-14) - (-2)/(-7). Suppose -k = -f - 6. Calculate the remainder when h is divided by k.
9
Let x = -70 - -99. Let g(n) = n**3 + 9*n**2 + 6*n. Let a = -14 + 6. What is the remainder when x is divided by g(a)?
13
Suppose -1124*h - 1264 = -1140*h. What is the remainder when h is divided by (-36)/(-2) - (1 + 1)?
15
Suppose 0 = 2*j - 3*x + 1, -4*j + x = -j + 19. Let q(y) = y**2 + 6*y + 8. Calculate the remainder when q(j) is divided by 13.
11
Suppose 7*w - 10*w = 0. Suppose w*s - 3*m = -2*s + 9, 17 = 2*s + 5*m. What is the remainder when 20 is divided by s?
2
Let i(d) = 4*d**2 + 1. Let u be i(-1). Suppose -x = u*s - 23, 0 = x - 3*s + 6*s - 15. What is the remainder when 4 is divided by x?
1
Suppose -5*n = -333 + 128. Let y be 0 + 4 + (-3)/3. Suppose 0 = -y*x - 4*r + 30, 4*r = -5*x + 19 + 39. What is the remainder when n is divided by x?
13
Let k = -48 - -53. Let b = 6 - 14. Let s(q) = q + 11. What is the remainder when k is divided by s(b)?
2
Suppose 3*h - 2*h = 5*z - 49, -4*z + 5*h = -35. Calculate the remainder when 38 is divided by z.
8
Let b(u) = u**3 + 8*u**2 - 9*u + 1. Let a be b(-9). Let d = 116 + -68. Calculate the remainder when d is divided by 3 + 13 - a*-1.
14
Suppose -2*k + 3*k = -1. Let m be k/3 - 25/15. What is the remainder when 8 is divided by 4 - (3 + m + 0)?
2
Suppose -z - 76 = -89. Let d(m) = -37*m + 2. What is the remainder when d(-2) is divided by z?
11
Let a = 60 - 64. Let n(v) be the third derivative of -3*v**4/8 + 7*v**3/6 - v**2. Calculate the remainder when n(a) is divided by 11.
10
Suppose 2*g - 8*g + 126 = 0. What is the remainder when (-4 - g/(-6))/((-1)/66) is divided by 12?
9
Suppose 0 = 6*o - 34 - 116. Calculate the remainder when 190 is divided by o.
15
Let q(k) = 5 - 2*k + 12*k**2 + 2*k**3 - k**3 - 11*k. Let t be q(-13). Suppose -16 = t*y - 81. Calculate the remainder when y is divided by 5.
3
Suppose 101*z - 109*z + 864 = 0. What is the remainder when z is divided by 4?
0
Let y = -173 + 187. What is the remainder when 23 is divided by y?
9
Let q = 23 + 10. Let c be (-107)/(-15) - 30/225. What is the remainder when q is divided by ((-8)/16)/((14/(-48))/c)?
9
Let c be 4*(13 + -4 + 2). Suppose 3*m - c = 211. Suppose -128 = -10*j + 92. Calculate the remainder when m is divided by j.
19
Let t = 47 - 32. What is the remainder when 147 is divided by t?
12
Let h(f) be the first derivative of f**3/3 - 3*f**2/2 - 2*f + 14. What is the remainder when h(-3) is divided by 9?
7
Let q = -105 + 289. Suppose -5*o = 2*h - q, -26 = -o + 3*h - 7*h. Suppose -5*s + 75 = -2*a, -2 = 3*s + 2*a - 31. Calculate the remainder when o is divided by s.
12
Suppose -5*y - 1120 = -5*c, 4*y - 481 = -2*c - 57. What is the remainder when c is divided by 13?
12
What is the remainder when 502 is divided by 2/2 - (-16 - 1)?
16
Suppose 2*o = -3*i + 23, -2*o + 5*i - 2 + 1 = 0. Let s(a) = 5 + 4 + 3*a**2 - 4*a**2 - 4 + 15*a. Calculate the remainder when s(14) is divided by o.
5
Suppose -2*l + 8*u - 7*u = -320, 2*u - 487 = -3*l. What is the remainder when l is divided by 28?
21
Let r(i) = 5*i + 7 - 1 + i**2 + 0. Let y be 1 - (11/2 - 2/(-4)). What is the remainder when 16 is divided by r(y)?
4
Suppose 0 = 23*a - 9485 - 6339. Calculate the remainder when a is divided by 99.
94
Let h = 34 - 34. Suppose h = -f - 3*u + 90, -f + 130 = f - 4*u. Calculate the remainder when f is divided by 38.
37
Suppose -15*l = -11*l - 144. Suppose -49 = -3*v + t - 17, 3*t = -3*v + 12. What is the remainder when (l - 18) + 1 + -4 is divided by v?
6
Let u = 313 - 210. What is the remainder when u is divided by (-42)/((-2)/(-1) + -4)?
19
Calculate the remainder when 132 is divided by 6438/(-74)*(4/(-3) - -1).
16
Suppose 42 - 16 = 2*g. Let s(v) = v + 2. Calculate the remainder when 57 is divided by s(g).
12
What is the remainder when (170/8)/((-4)/(-16)) is divided by 30?
25
Suppose 0 = -3*l + 4*c + 361, -3*l + 2*c + 583 = 2*l. Calculate the remainder when l is divided by 4 - (0 + (-7 - 4)).
10
Suppose 3*u - 7*u + 1992 = 0. What is the remainder when u is divided by 20?
18
Let h be (-30)/9*3*(-1)/(-2). Let a(q) = -3 - 2*q + 2*q + q**2 - 5*q. Calculate the remainder when a(h) is divided by 17.
13
Suppose 1324 = 9*c + 1207. Suppose -35 = 5*u - 210. Calculate the remainder when u is divided by c.
9
Let v = 362 + -252. Let i = v + -91. Calculate the remainder when 37 is divided by i.
18
Suppose j = -0*j + 5*z, 0 = 3*j + 5*z. Suppose 3*p - 5*c + 4*c - 23 = j, 2 = 2*c. Suppose -2*n + p + 20 = 0. What is the remainder when 40 is divided by n?
12
Let s(n) = -99*n**2 - 6*n + 18. Let l be s(2). What is the remainder when 419 is divided by (-16440)/l - 2/13?
41
Suppose 4*v = 3*c - 137, 3*v - 5*c = 48 - 137. Let g = -36 - v. Calculate the remainder when (1/(-2))/((-10)/100) is divided by g.
1
Let m = 2144 + -2057. Calculate the remainder when m is divided by 53.
34
Let l(u) = -39*u - 3. Let h be l(-1). Suppose -3*a = -b + 40, -76 - h = -4*b - 4*a. Calculate the remainder when 59 is divided by b.
28
Let s be 0*((-3)/(-6))/1. Suppose -8*z + 9*z - 3 = s. Calculate the remainder when 10 is divided by z.
1
Let c = -123 + 127. Suppose m - 18 = 3*z, 0 = -z - z + c. What is the remainder when 95 is divided by m?
23
Let a = 134 - -4. Suppose 0 = 4*s + 32 - 172. Calculate the remainder when a is divided by s.
33
Suppose -3*m + 32 = -2*m. What is the remainder when (2/(-3))/(4/(-558)) is divided by m?
29
Suppose 4*b + 114 - 198 = 0. Calculate the remainder when 417 is divided by b.
18
Suppose 2*d - 15 = 5. Suppose -2*s + 7*s = -30. Let h(g) = g**3 + 9*g**2 + 10*g + 9. What is the remainder when h(s) is divided by d?
7
Let v = 217 - 155. Calculate the remainder when v is divided by 16.
14
Suppose 0 = 5*v - 8*v. Suppose v*f = 3*f + 3*p - 147, 0 = 5*p + 5. Suppose 5*i - f = 4*o, -4*o + 53 = 2*i + o. Calculate the remainder when i is divided by 9.
5
Let l(b) = -b**3 + 6*b**2 + 11*b - 13. Let p be (-28)/7 + -22*3/(-6). Let o(i) = 15*i**2 + i. What is the remainder when o(-2) is divided by l(p)?
13
Suppose 8 = 3*i - 2*i. Let j(v) be the third derivative of -v**6/20 - v**5/20 - v**4/12 + 4*v**2. Calculate the remainder when i is divided by j(-1).
3
Let h = -9 + -46. What is the remainder when ((-3)/(-3))/((-5)/h) is divided by (1/2)/((-3)/(-42))?
4
Suppose 3*g = 6*g - 6. Suppose -d + g*d = 16. What is the remainder when 63 is divided by d?
15
Let v = -317 - -1200. What is the remainder when v is divided by 15?
13
Let x = 903 + -435. What is the remainder when x is divided by 95?
88
What is the remainder when 64 is divided by -25*(-6 + -1 + 6)?
14
Let j = -31 + 90. Suppose -4*a - 4*g = -68, 20*a - 23 = 16*a + 5*g. What is the remainder when j is divided by a?
11
Suppose -3*n = 12, 20 = -5*y - 2*n - 3*n. Suppose y = -4*r + 8. Calculate the remainder when 1 is divided by (r/(-6))/(2/(-6)).
0
Suppose 2*g = -2*v + 2 - 4, v + 3*g + 9 = 0. Calculate the remainder when ((-172)/(-6) - 4)*v is divided by 15.
14
Suppose -a - 3 = t - 11, 20 = 4*a. Let d(c) = c**3 - c**2 - 4*c + 6. Suppose 20 = -5*i, i - 13 = -3*z + 46. Calculate the remainder when z is divided by d(t).
9
Let f(q) = 56*q**2 + 4 - 4 - 49*q**2 + 1 + 22*q. What is the remainder when f(-7) is divided by 32?
30
Calculate the remainder when (-960)/(-36)*(-6)/(-5) is divided by 11.
10
Calculate the remainder when 55 is divided by ((-6)/(-5)*(14 + -24))/(-1).
7
Let g = -971 - -1039. Calculate the remainder when g is divided by 27.
14
Suppose -6*c = 2*c - 2000. Calculate the remainder when c is divided by 81.
7
Let h(l) = l**2 - 31*l + 75. What is the remainder when 61 is divided by h(29)?
10
Let j(f) = 16*f - 138. Calculate the remainder when j(11) is divided by 11.
5
Suppose 10*g - 857 = -247. What is the remainder when 192 is divided by g?
9
Let r = 1 - -22. Calculate the remainder when 249 is divided by r.
19
Let n(w) = 5*w**3 - 2*w**2 + 2*w - 1. Let j be n(1). Let g be -2*(-2)/(-8)*j. What is the remainder when 71 + (g - (1 - 1)) is divided by 35?
34
Let p(o) = -o + 94. What is the remainder when p(-17) is divided by 28?
27
Let b(h) = 2*h**2. S